f x**5/60 + x**4/24 - x**3 - 2*x**2. Let v be ((-15)/10 + 3)/(14/(-840)*18). Calculate c(v).
14
Let h(u) = -u**3 + 6*u**2 - 5*u. Let l = 119 + -114. Suppose 30 = 4*r + 10*f - l*f, 5*f + 10 = 4*r. Determine h(r).
0
Let t = -5 + 3. Let j(i) be the first derivative of 2*i**2 + 4*i + 1628. Calculate j(t).
-4
Let p(h) = -37*h - 63. Let a(b) = 6*b + 10. Let r(m) = 13*a(m) + 2*p(m). Determine r(1).
8
Let v(h) = 356*h + 7118. Let a be v(-20). Let x(u) = u**3 + 6*u**2 + 9*u + 10. Determine x(a).
8
Let a(p) = p**3 - 16*p**2 - 38*p - 33. Let g = 13172 + -13154. Determine a(g).
-69
Let q(p) = -2*p**2 + 56*p - 108. Let d be q(27). Let y = -50 - d. Let w(s) = s**3 - 3*s**2 + 2*s - 2. Determine w(y).
22
Let x(n) be the first derivative of 0*n**3 + n + 5/2*n**4 + 1/2*n**2 + 78. Calculate x(-1).
-10
Let b(o) = o + 3. Let v(f) = f + 1. Let w = 28 + -25. Let u be v(w). Suppose -31 = u*g - t - 4*t, 3*t + 11 = -5*g. Calculate b(g).
-1
Let s(p) = 8*p - 8. Let u be s(2). Let r(h) = -h**2 + h + 1208 - 1205 + u*h. Let z = 80 - 71. Determine r(z).
3
Let g(m) be the first derivative of -m**5/30 + m**4/12 + 26*m**3 - 249. Let q(c) be the third derivative of g(c). Determine q(-2).
10
Let x(s) = s + 17. Let m be (-50)/(-6)*(128/(-16) - -11). Determine x(m).
42
Let f(w) be the first derivative of -w**3/3 + w**2/2 + 71*w + 616. Give f(0).
71
Let l(g) = -5*g**3 - 11*g**2 + 2*g - 5. Let f(k) = -18*k**3 - 47*k**2 + 7*k - 16. Let j(n) = -3*f(n) + 11*l(n). Determine j(20).
13
Let b(n) = 26*n + 6*n + 1216 - 2428 + 1211. Let a(y) = -y**3 - 5*y**2 + 7*y + 7. Let d be a(-6). What is b(d)?
31
Let n = -500 - -853. Let f(v) = -n + 2*v**2 + 362 - v**2 - 5*v. Calculate f(5).
9
Let h(u) = 84*u**2 + 3*u - 7. Let i be h(2). Let t = -333 + i. Let k(l) = -3*l + 1. Calculate k(t).
-5
Suppose w = -9 + 11. Let h(x) = -6*x - 13 + 35 + x**w - 16. What is h(4)?
-2
Suppose -7*a - 8*a + 240 = 75. Let o(t) = t**2 + 9*t - 213. What is o(a)?
7
Suppose -260*b = -6270 + 4710. Let j(m) be the third derivative of 0 - 1/10*m**5 + 1/120*m**6 - 1/6*m**3 + 1/24*m**4 + m**2 + 0*m. What is j(b)?
5
Suppose 0*z - 225 = 5*z. Let j = z + 48. Let y(n) = 3*n**2 - 2*n + 1 + 4*n + 0*n**j + n**3 - n. Give y(-3).
-2
Let u(a) = a**3 + a**2 - 208*a. Let b(f) = 3*f**3 - 5*f**2 - 832*f - 1. Let g(z) = b(z) - 4*u(z). Suppose 4*o + 27 = o. Give g(o).
-1
Let y(l) = 20*l - 5. Suppose -29*a - 115*a - 586 + 10 = 0. Calculate y(a).
-85
Let d(h) be the first derivative of h**4/12 - 27*h**2/2 + 32*h + 44. Let o(u) be the first derivative of d(u). Determine o(0).
-27
Let o(w) be the second derivative of w**5/20 + 3*w**4/4 - 4*w**3/3 + 5*w**2/2 + 38740*w. Let i be -3 + (2 - 1) - 8. Determine o(i).
-15
Let h(w) be the first derivative of -16*w**2 + 17*w + 6476. Give h(0).
17
Let h = 358 + -353. Suppose 5 - 3 = h*m + 3*n, -2*m - 2*n = -4. Let c(s) = -7*s - 2. Calculate c(m).
12
Let a(j) = -j - 10. Let r(o) = -o - 10. Let u(d) = 2*a(d) - 3*r(d). Suppose -y = -4*f + 40 + 62, -2*y + 4*f - 196 = 0. Let l = y + 89. Calculate u(l).
5
Suppose 5*a + 23 = 4*h, 3*h + 6 + 3 = 0. Let d(n) = -2713*n - 2368*n + 5078*n - 3. Calculate d(a).
18
Let k(i) = -i - 3. Let s = -561 + 565. Suppose 3*g = u - 29 + 10, 3*g - 1 = -s*u. Calculate k(g).
2
Let c(q) = -3*q**2 - 2*q. Let k(y) = -y. Let r(j) = -c(j) + 4*k(j). Let z be r(2). Let l(u) = -u**3 + 9*u**2 - 5*u - 5. Calculate l(z).
19
Suppose c = -2*a + 72, -2*a + a = -3*c - 36. Suppose -a*y + 28*y = -8. Let h(g) = -8*g**3 - g**2 + g**2 - 1 + g**2. Give h(y).
-8
Let u = -3127 + 3122. Let f(l) = -4*l - 19. What is f(u)?
1
Let h(f) = -f - 4. Let q = -121 - -85. Let u = 29 + -65. Let m = q - u. Calculate h(m).
-4
Let z be (-18 - -19)*(532 + (2 - 4)). Let w = z + -525. Let f(s) = -5*s + 1. Give f(w).
-24
Let f(r) = -10. Let w(j) = 80*j - 125. Let z(v) = -5*f(v) - w(v). Give z(2).
15
Let o = 97 - -26. Suppose -15 = 3*q - o. Suppose -q = 21*t - 15*t. Let h(u) = u**3 + 5*u**2 - 4*u - 6. What is h(t)?
-18
Let d(y) = 21 + 11*y + y**2 + y + 4*y + 17 - 7. What is d(-2)?
3
Suppose 0 = -4*x - 16*m + 18*m + 32, -2*m - 23 = -3*x. Let b(w) = w**3 - 9*w**2 + 2*w - 12. Determine b(x).
6
Let n be ((-9)/15 - 1)*(-5)/(-2). Let y be -18*1/(-12)*n. Let a(f) = f**2 + 3*f**3 - 8 - 4*f**3 - 7*f**2. Determine a(y).
-8
Let l(r) = -3*r**3 + 10*r**2 + 7*r + 9. Let z be l(4). Suppose i + v + 3 = 0, 4*v - 1 = -z*i - 16. Let y(g) = g - 1. Give y(i).
-4
Suppose -29*g + 312 = -21*g. Let y(t) = -g*t**2 + t**3 - 2*t + 3 + 72*t**2 - 4*t - 40*t**2 - 4*t. Let r be 3 + 0 - (-5 + 0). What is y(r)?
-13
Let n(k) = 28 + 13*k - 49 - 11*k + 11*k - k**3 - 6*k**2. Calculate n(-8).
3
Suppose -5*k + 5 = 0, 3*g + 7*k = 3*k + 4. Suppose f + 3*f - 16 = g. Let p(v) be the second derivative of -v**4/12 + 2*v**2 - 6629*v + 1. What is p(f)?
-12
Let a(d) = -d**3 - 17*d**2 + 4*d + 72. Let k be 616/(-44) + -4 + 1. Let s be a(k). Let r(u) = u**3 - 6*u**2 + 5*u + 1. Give r(s).
-11
Let t(k) = -2*k + 3. Let i(b) = b**3 + 3*b**2 - 6*b + 8. Let f be i(4). Let m = f - 90. What is t(m)?
-9
Let g(u) be the second derivative of -u**3/6 - 3*u**2 - 1450*u. What is g(6)?
-12
Let f(g) be the first derivative of 82 + 1/3*g**3 - 7*g + 9/2*g**2. Determine f(-7).
-21
Suppose 2*o - 8 = -2*p, 4*o - o = -2*p + 13. Let z(h) = -6*h - 1. Let y(s) = -5*s - 2. Let x(c) = o*y(c) - 4*z(c). Suppose -192 = 10*a + 22*a. Calculate x(a).
0
Let y(x) = -x**2 - x. Let c(i) = 6*i**2 + i - 11. Let a(p) = c(p) + 5*y(p). Suppose k + 10 = -7*u + 8*u, 5*u - 46 = 4*k. Give a(u).
1
Let u(z) = -16*z + 41. Let q be (24/15)/((-2)/(-10)). Let x(r) = r + 7*r - q - 8*r + 3*r. Let f(m) = -2*u(m) - 11*x(m). What is f(5)?
1
Let l(s) = -45*s - 8. Suppose 0 = -5*w - 3*f + 25, -6*f - 5 = -5*w - 25. What is l(w)?
-98
Let a(m) = -24*m**2 + 27*m + 14. Let v(t) = 11*t**2 - 13*t - 7. Suppose 0 = -3*w + 298 - 337. Let j(x) = w*v(x) - 6*a(x). Determine j(-6).
1
Let i(w) = -2 - 3*w + 0*w - 2*w + 3*w. Let j be i(-3). Let y(c) = 4 - 468*c + 464*c + 0. Give y(j).
-12
Let h(o) = -o**2 + 38*o - 96. Let p(z) = 3*z**2 + 140*z - 2849. Let d be p(-62). What is h(d)?
9
Let d(z) = 157*z**2 - 7 - 9*z - z**3 - 150*z**2 + 3*z. Let r be 4/10 - (-207)/45. Calculate d(r).
13
Let i(k) = -21*k**2. Let r(d) = -11*d**2. Let n(p) = -4*i(p) + 7*r(p). Let c(w) = -w + 7. Let b be ((-44)/28 - -1) + (-300)/(-35). Let y be c(b). Give n(y).
7
Suppose -5*r - 2*w = -534, 5*w - 65 = -2*r + 157. Let b = 106 - r. Suppose -3 = 3*v - 5*v - z, b = 4*v - z + 3. Let m(h) = h**3 - h**2 + 1. What is m(v)?
1
Let p be (-14)/8 + (-2)/8. Let k(m) be the second derivative of -m**4/6 - m**3/2 - 3848*m. What is k(p)?
-2
Let h = 43 - 41. Suppose -2*s = -h*q + 2 - 0, 0 = -5*q - 5. Let u(j) = 2*j**3 + 2*j**2 + 4*j + 3. What is u(s)?
-13
Let w(d) = -5*d**3 - 7*d**2 + 3. Let k be w(-3). Let v be (-6)/18 + k/9 + -2. Let g(a) = a**3 - 6*a**2 - 5. Determine g(v).
-5
Let c(o) be the second derivative of -55*o**3/2 + 823*o**2/2 - 5219*o. Calculate c(5).
-2
Suppose -24*j = -29*j + 30. Let f(g) = 9*g**3 + 2*g**3 - 10*g**3 - j*g**2 + g - 1. Calculate f(6).
5
Let p(b) = 3*b**2 + 9*b - 12. Let x(k) = -2*k**2 - 10*k + 12. Let j(t) = -4*p(t) - 5*x(t). Let s = 38342 - 38336. Give j(s).
0
Let u(r) = -r**2 - 7*r + 1. Let l be u(-6). Let m(s) = -s + 255 + 2*s - 447 + 195. What is m(l)?
10
Suppose 6*c + 6*c = -252. Let g be 8/(-6) + 14/c. Let t be 0 + g + 3 - 2. Let u(h) = -3*h**3. What is u(t)?
3
Let o(a) be the first derivative of -1/3*a**3 + a**2 - 33 + 21*a. Let h(i) be the first derivative of o(i). What is h(2)?
-2
Let a(k) = -4*k**2 - 5*k - 16. Suppose -152*t + 154*t - 21 = -3*r, 0 = -4*t - 5*r + 35. What is a(t)?
-16
Let z(g) = -23*g - 122. Let a(b) = 11*b + 56. Let l(y) = -7*a(y) - 3*z(y). Calculate l(-8).
38
Let n(i) be the third derivative of -7*i**5/60 - 3*i**4/4 + 2*i**3 + i**2 - 3*i - 408. Give n(-3).
3
Let z = 13 + -7. Suppose 21 = -z*m - m. Let k(o) = -15*o + 50. Let d(j) = -8*j + 27. Let g(b) = -11*d(b) + 6*k(b). Determine g(m).
9
Let a(d) = d**3 - 9*d**2 - d + 15. Let b = 1804 + -1795. What is a(b)?
6
Let m(p) be the second derivative of -2*p**5/5 - p**4/6 + p**2/2 - p. Let o = 1355674 - 1355675. Give m(o).
7
Suppose -277 - 23 = 20*s. Let d be (6/10 - (-54)/s) + 2. Let f(z) = 9*z**3 - z**2 - 2*z - 2. Calculate f(d).
-10
Let l(p) be the second derivative of p**3/2 - p**2/2 + 9*p. Let